i(r) be the second derivative of -r**3/6 + r. What is i(b)?
4
Let c(u) = -5*u**2 + 4*u + 8. Let n(b) = -b**2 + b + 2. Let k(h) = 2*c(h) - 9*n(h). Determine k(-2).
-4
Let f(i) = -3*i**2 - 3*i - 2. Let q(k) = -k**2 + 1. Let g(m) = f(m) - 2*q(m). What is g(-4)?
-8
Suppose -4*n + b = 5, 3*n + 3*b = 8 + 7. Let z(t) = 11 - t**3 - 16*t**2 + 16*t**2 + t. Calculate z(n).
11
Let v(j) = -j**2 - j + 2. Let d be v(0). Let w(s) = -3*s - 5*s**2 + 3*s**2 + 6 - 4 + s**d. Calculate w(-4).
-2
Let r(j) = 9*j**2 - 4*j + 8. Let h(o) = -17*o**2 + 7*o - 15. Let l(n) = -6*h(n) - 11*r(n). What is l(-2)?
10
Suppose 4*b = -0*b. Let u be 1/(-3) - 1/(-3). Let d(x) = x + u*x**2 + 3 + 0*x**2 - x**3. Calculate d(b).
3
Suppose 4*i - 2*o = -2, 5*i - o + 4 = -6. Let k(r) = r + 2. Determine k(i).
-1
Let v = 1 + 1. Suppose -4*h + 5*h = -v. Let i(k) be the third derivative of k**6/120 + k**5/30 + k**4/12 - k**3/3 - 7*k**2. Determine i(h).
-6
Let z(d) = -2*d**3 - d - 1. Let n(o) = -o**2 - 6*o - 2. Let y be n(-5). Let c(j) = -j + 2. Let u be c(y). Calculate z(u).
2
Suppose -11*l - 5 - 6 = 0. Let o(j) = 20*j**3 + j**2 + j + 1. What is o(l)?
-19
Let b(d) = -3*d + 4*d + 5 - 4. What is b(-7)?
-6
Suppose 0 = -x + 2*r - 4, x + 2*r + 7 = 5*r. Let a be 1/(x - (-27)/(-15)). Let v(y) = y - 10. Let i(f) = 1. Let c(s) = 5*i(s) + v(s). What is c(a)?
0
Let w(l) = l**3 - 4*l + 3. Let k be w(2). Suppose -6*z = -k*z + 18. Let s(p) = p + 7. Give s(z).
1
Let b(r) be the second derivative of -r**3/6 - r**2/2 + 3*r. Determine b(-2).
1
Let r(p) = 2*p - 5. Let u(g) = 4*g - 9. Let c(s) = -7*r(s) + 4*u(s). Suppose -19 = 2*z - 15. Give c(z).
-5
Let c(f) = -f**2 - 5*f. Let g(b) = b**3 + 4*b**2 - 2*b - 2. Let o be g(-4). Suppose -2*r - o = 2. Determine c(r).
4
Let p be 1/((-3)/(-4 - -1)). Let y(k) be the second derivative of -k**3/6 + k**2 - k. Determine y(p).
1
Let x(z) = z**3 + 10*z**2 + z + 7. Let b(m) = m**2 + 11*m + 18. Let i be b(-7). What is x(i)?
-3
Let s(d) = -d**2 + 3*d + 4. Suppose -a = -6*a. Let x(l) = a*l**2 + 0*l - 9 - 5*l + l**2. Let k be x(7). Determine s(k).
-6
Let j(x) = -x + 2. Let a = -4 + 3. Let p be 1 + a + -3 + 9. What is j(p)?
-4
Let o(p) = -54 + 2*p**2 + 53 + p - 3*p**2. Suppose 2*l = 5*l. Determine o(l).
-1
Let b = 2 + -1. Let v(r) = -7*r - 1. Give v(b).
-8
Suppose -6*f = -3*f. Let p be (-2)/(2 + 0) - f. Let y(k) = -2*k**3 + 2*k + 1. What is y(p)?
1
Suppose -2*w + w = 0. Let x(h) = 3*h**2 - 2. Let m(j) = j**2 + 1. Let p(g) = -2*m(g) + x(g). What is p(w)?
-4
Let q(l) = 14*l - 9*l - 6*l. Let t(c) = c - 5. Let v be t(7). Let k be 3/v + (-2)/4. What is q(k)?
-1
Let a(t) = t + 2. Let l = 2 + -2. Let h be a(l). Let f(p) = -p**h + 3*p + 2*p - 4*p. Determine f(-2).
-6
Let c(n) = -n**2 + 5*n + 6. Let i = -6 + 1. Let t(z) = -2*z**2 + z**2 + 23 + 6*z - 17. Let y(p) = i*t(p) + 6*c(p). Give y(0).
6
Let t(q) = -7 + 6 + 4*q - 5*q. Determine t(6).
-7
Let g = 130 + -129. Let h(t) = 2*t**2 + 2*t - 1. Give h(g).
3
Let t(x) = -5*x**2 - x. Let z be t(1). Let v(r) be the second derivative of -r**3/6 + r**2/2 + 14*r - 1. What is v(z)?
7
Suppose -7*j + 5 = -2*j. Let f(o) = o**3 + 1. Calculate f(j).
2
Let f = -2 - -5. Let n(u) = -u**2 - 4*u**f - 4*u**3 - 4*u + 1 + 3*u. Suppose -5*m + 20 = 0, 0*m + 9 = 5*o + m. Calculate n(o).
-9
Let r(g) = g**2 + g - 1. Let h be r(1). Let i(c) be the first derivative of 9*c**4/4 - c**3/3 - c**2/2 + c - 4. Give i(h).
8
Let x(f) be the second derivative of -f**3/6 - 5*f**2/2 + 16*f. Calculate x(-3).
-2
Suppose 2*d + 5*j - 5 = 0, 5*j + 6 = 1. Suppose 3*f - f - 4 = 0. Let z(k) = 3*k**2 - k**2 - k**f - 5*k + 1. Give z(d).
1
Let g(w) be the first derivative of w**5/15 + w**4/12 + w**3/2 - w**2 - 2. Let l(f) be the second derivative of g(f). Calculate l(-2).
15
Let y(h) = h. Let z = 9 - 6. Let o be y(z). Let m(i) = -2*i - 4*i**3 - 2*i + 10*i**o + 3*i + 1. Determine m(1).
6
Let k(a) = -a**2 - a**2 - 19*a - 28*a + 45*a. Determine k(-4).
-24
Suppose -2*y + 11 = 3*s - 0*y, s + 3*y - 13 = 0. Let b(r) = -13*r**2 - 2*r + 1. Give b(s).
-14
Let z(b) be the first derivative of 3*b**2 + b + 4. Calculate z(-1).
-5
Let q(m) = -m**2 - 8*m. Let p be q(-7). Suppose 0 = u - 3 + p. Let j = u - -4. Let d(y) = -y**3 - 1. Calculate d(j).
-1
Let m = -18 + 19. Suppose f - 2*f - 4*w = -6, -5*w = -5*f + 30. Let r = f - m. Let c(t) = t**3 - 4*t**2 - 5*t + 4. Give c(r).
4
Let b(s) be the second derivative of -s**6/720 + s**5/40 + s**4/12 + 4*s. Let v(j) be the third derivative of b(j). Suppose 0 = 6*u - 3*u - 12. Calculate v(u).
-1
Let k(t) be the first derivative of t**3/3 + 3*t**2 - 3*t + 21. Give k(-7).
4
Suppose 0 = 2*k - 5 + 1. Let d(a) = -1 + a + 6*a + a**2 - 4*a. What is d(k)?
9
Suppose 5*f + d - 12 = 0, 2*f - 3*f - 5*d = 12. Let o(r) = r**f + 2*r + 0*r**3 - r + 4*r**2. Let z = 14 - 18. Give o(z).
-4
Let j(z) = 6*z + 3 + 11*z - 5*z + 0. What is j(-2)?
-21
Let s(k) = -k**3 - 3*k**2 + 5*k - 1. Let i(x) = 3*x + 3. Let c be i(6). Suppose 5*m + c = 1. What is s(m)?
-5
Let f(i) = -3*i**3 + 6*i - 3. Let t(p) = 2*p**3 - 5*p + 2. Suppose 2*n - 6*n = 20, -5*n - 45 = -5*y. Let u(x) = y*t(x) + 3*f(x). Calculate u(-1).
2
Let y(d) = 2*d**3 - 5*d - 5 + 7*d**2 - 2*d**3 - d**3. Suppose 5*g + 30 = 10*g. Calculate y(g).
1
Let a(c) be the third derivative of 0*c - 5/6*c**3 + 1/24*c**4 + 0 - 3*c**2. Suppose s = 3 - 0. Give a(s).
-2
Let v(o) = -13*o + 2. Let h(m) = -7*m + 1. Let z(j) = 2*j + 3. Let y be z(-4). Let r(c) = y*h(c) + 3*v(c). Give r(2).
-7
Let t(s) be the second derivative of -s**2 + 2*s + 5/6*s**3 - 1/12*s**4 + 0. Determine t(4).
2
Suppose d - 5*x = -0*x + 14, -d + x = -2. Let f = d + 2. Let k = -5 + f. Let j(a) = -a - 4. Calculate j(k).
0
Let d(p) = p**2 + 2. Let v be 4/(-10) + 12/30. Determine d(v).
2
Let r(x) = -x - 184 + 186 + 4*x. Let n = 3 + -1. Let v = n + -5. What is r(v)?
-7
Let z(n) = 7*n**3 - n**2 + 1. Let p be z(-1). Let q(d) = -d - 5. Calculate q(p).
2
Let m(h) = h**3 - 7*h**2 + h - 4. Let s be (-3)/(-4)*-2*70/(-15). Determine m(s).
3
Let x(z) = z**3 + 13. Suppose -4*f + 2*r = 7*r + 13, -5*f - 2*r = -5. Suppose 0*o - 5*o = m + 15, -f = 5*m + o. Calculate x(m).
13
Let p(z) = 15*z**2 + 10 + 3*z + 5*z - 7*z**2 + z**3. What is p(-7)?
3
Let q(j) = -j**2 - 8*j - 3. Let x(f) = 2*f**2 + 17*f + 6. Let y(u) = 5*q(u) + 2*x(u). Give y(-4).
5
Let o = 14 - 25. Let c(v) = 11*v**3 - 6*v**2 - 4*v + 1. Let i(g) = -32*g**3 + 17*g**2 + 11*g - 3. Let q(x) = o*c(x) - 4*i(x). What is q(-1)?
-8
Let u(n) be the third derivative of n**5/60 - n**4/6 - n**3/6 - 2*n**2. Let b(a) = 3*a + 20. Let f be b(-6). Determine u(f).
-5
Let h = -2827/120 + 118/5. Let i(j) be the third derivative of -j**3 + 3*j**2 + h*j**4 + 0*j + 0. Give i(0).
-6
Suppose 2*c = -0 + 6. Suppose -c*w = -4 - 2. Let y(n) = -5*n - 11. Let q(a) = -2*a - 4. Let u(d) = -11*q(d) + 4*y(d). Determine u(w).
4
Let a(k) = k + 3. Let j(t) = -1. Let l(s) = -a(s) - j(s). Give l(7).
-9
Suppose 0 = -2*d + d + 2. Suppose -w - u = d, w + 0 = -5*u - 2. Let f = -2 + w. Let b(s) = -s + 2. Determine b(f).
6
Let j be (1 + 0)*(-6)/(-2). Let q(o) be the first derivative of -1 + 13*o**2 + 0 - 14*o**2 - 3 - 3*o. Calculate q(j).
-9
Suppose 7 = n + 4*a, -4*a = -n - 5 - 12. Let f(y) be the third derivative of y**6/120 + y**5/12 - y**4/6 - 7*y**3/6 - 2*y**2. Calculate f(n).
13
Let o(a) be the first derivative of a**3/3 - 4*a**2 + 7*a - 6. Determine o(6).
-5
Let g(n) = n**2 - 9*n + 3. Suppose 2*o - 10 = -0*o. Suppose -2*x = o - 13. What is g(x)?
-17
Let s(t) = -2*t**3 - 6 - 5*t + 4*t**2 + t**3 + 4*t**3 - 2*t**3. Give s(-5).
-6
Suppose 4*q + 0*q - 22 = -2*w, -q + 7 = 2*w. Let n(g) = -g**3 + 4*g**2 + 6*g - 4. Determine n(q).
1
Let g = -2 - -5. Suppose 5*r - 3*p = -2, r - g*r - 2*p - 4 = 0. Let d(i) = i**2 + 2*i. Calculate d(r).
-1
Let j(a) be the third derivative of -a**6/120 - a**5/20 + a**4/24 + a**3/2 - 7*a**2. Calculate j(-4).
15
Let w(v) be the second derivative of v**6/180 + v**5/120 - v**4/4 - v. Let t(b) be the third derivative of w(b). What is t(2)?
9
Let u(c) = 2*c. Suppose 0 = -2*x - 2*d - 8, 2*x - 7*x = 3*d + 12. Suppose x*k - 2*r = -k, 11 = -5*k - r. Calculate u(k).
-4
Let v(l) = -l**3 - l**2 - 3*l + 2. Let p be 2/(1 - 2) + 4. What is v(p)?
-16
Let x = 8 + -5. Let z(k) be the second derivative of 5*k**3/6 + 6*k**2 + 3*k. Let p(l) = -l - 1. Let m(v) = 6*p(v) + z(v). Determine 